e 4) to base 14.
-81b
What is 15d (base 16) in base 10?
349
-1111001001 (base 2) to base 3
-1022220
13268 (base 11) to base 7
106151
What is 13323 (base 5) in base 9?
1438
What is 110d1 (base 15) in base 13?
1b88c
Convert 2343 (base 7) to base 13.
516
Convert -1406 (base 8) to base 16.
-306
What is -70a (base 13) in base 14?
-613
Convert 700 (base 9) to base 5.
4232
Convert 8569 (base 10) to base 7.
33661
What is 12032102 (base 4) in base 3?
1021222002
-62ef (base 16) to base 12
-127a7
What is 22035 (base 8) in base 11?
6a45
What is 1aaa (base 12) in base 11?
2529
-2d30 (base 14) to base 7
-32360
-23945 (base 11) to base 14
-c781
What is -2e17 (base 16) in base 15?
-3769
Convert 1584 (base 9) to base 2.
10010111010
What is 76 (base 15) in base 9?
133
What is 101333 (base 4) in base 13?
6a7
Convert c3 (base 13) to base 5.
1114
What is -6a90 (base 13) in base 11?
-10297
What is 17cc1 (base 14) in base 15?
12c4a
What is 110221 (base 4) in base 11?
aa1
-1324220 (base 5) to base 14
-9ab0
Convert -2012002 (base 3) to base 11.
-1220
Convert 2666 (base 13) to base 6.
41232
Convert 14543 (base 6) to base 16.
93f
Convert 22094 (base 10) to base 6.
250142
Convert 543 (base 16) to base 14.
6c3
Convert -113114 (base 5) to base 11.
-3141
What is 16607 (base 11) in base 16?
5b40
What is -cc (base 14) in base 10?
-180
What is 211012110 (base 3) in base 15?
4be0
Convert -102 (base 12) to base 15.
-9b
What is 2ab (base 14) in base 10?
543
-111100101 (base 2) to base 7
-1262
-11112000 (base 3) to base 6
-23130
What is 897 (base 15) in base 12?
115a
Convert -6285 (base 13) to base 16.
-353d
Convert 9 (base 15) to base 10.
9
Convert 221010 (base 3) to base 8.
1246
-345 (base 7) to base 4
-2310
Convert 230212 (base 4) to base 8.
5446
Convert -317 (base 9) to base 8.
-403
341 (base 10) to base 9
418
What is 337 (base 9) in base 2?
100010101
876 (base 15) to base 5
30121
What is -eca3 (base 15) in base 4?
-30032313
1340 (base 6) to base 5
2343
1104432 (base 6) to base 10
55460
214 (base 15) to base 10
469
-79c (base 15) to base 4
-122322
Convert -22655 (base 8) to base 3.
-111020020
-1335 (base 6) to base 13
-209
Convert -bc0 (base 15) to base 6.
-20143
What is 201434 (base 8) in base 10?
66332
What is 649 (base 12) in base 14?
49b
-25222 (base 6) to base 2
-111010101110
What is -124430 (base 5) in base 2?
-1001101111110
Convert cc2a (base 15) to base 7.
240031
What is 78d (base 15) in base 8?
3254
Convert -11b5 (base 12) to base 3.
-2202102
Convert -3005 (base 13) to base 2.
-1100111000100
40312 (base 5) to base 9
3478
11205 (base 9) to base 3
101020012
1816 (base 16) to base 4
1200112
-2473 (base 8) to base 6
-10111
-b3a3 (base 13) to base 4
-12003213
What is -47707 (base 8) in base 11?
-14387
What is -72018 (base 9) in base 5?
-3004102
-20b (base 12) to base 15
-14e
Convert 37744 (base 8) to base 4.
3333210
Convert 7978 (base 12) to base 3.
200111102
What is -4806 (base 11) in base 6?
-45054
-1422 (base 6) to base 7
-1043
-2334 (base 6) to base 15
-277
Convert a6c (base 14) to base 3.
2211011
7989 (base 11) to base 13
4a1c
Convert -143041 (base 6) to base 15.
-408d
Convert -11454 (base 6) to base 13.
-a00
4c3 (base 13) to base 6
3511
What is -20406 (base 8) in base 7?
-33435
What is 109 (base 11) in base 5?
1010
Convert 202121 (base 3) to base 13.
33a
Convert -203131 (base 4) to base 14.
-b81
Convert 220122 (base 3) to base 13.
3c2
Convert -4285 (base 11) to base 5.
-140114
Convert 6104 (base 8) to base 16.
c44
Convert 27c (base 16) to base 13.
39c
753 (base 10) to base 12
529
164 (base 7) to base 6
235
-10221 (base 3) to base 14
-78
20031 (base 6) to base 8
5063
Convert -13 (base 7) to base 4.
-22
1243340 (base 5) to base 11
17737
What is 247b2 (base 13) in base 5?
4122423
-20002000 (base 3) to base 5
-120203
What is 25531 (base 6) in base 9?
5271
What is 273 (base 10) in base 16?
111
What is -35c (base 13) in base 10?
-584
-14644 (base 7) to base 3
-12121211
What is 697 (base 13) in base 3?
1120011
-2000 (base 9) to base 15
-673
-21001022 (base 3) to base 12
-2b82
533 (base 8) to base 15
182
What is 5062 (base 9) in base 5?
104301
-163d (base 15) to base 8
-11257
Convert 2410 (base 8) to base 12.
8b4
-2693 (base 11) to base 8
-6642
-5f8e (base 16) to base 15
-73ac
What is -164 (base 9) in base 8?
-213
8146 (base 9) to base 7
23235
What is -10110000001 (base 2) in base 14?
-729
What is -235a (base 16) in base 7?
-35246
What is -501 (base 9) in base 3?
-120001
220 (base 8) to base 4
2100
-111110110 (base 2) to base 10
-502
Convert bc8 (base 14) to base 11.
1830
-3ca (base 14) to base 15
-361
Convert -229 (base 16) to base 7.
-1420
What is -1200 (base 5) in base 4?
-2233
-320020 (base 4) to base 10
-3592
What is 1b57 (base 16) in base 8?
15527
What is -3000 (base 14) in base 2?
-10000000101000
-101010000001 (base 2) to base 11
-2025
What is 118d4 (base 14) in base 12?
20a02
Convert -1a4a6 (base 11) to base 4.
-12332013
Convert -1a8b (base 13) to base 15.
-12bc
What is 457 (base 9) in base 14?
1cc
What is 237 (base 15) in base 5?
4002
Convert -2247 (base 9) to base 10.
-1663
Convert -255440 (base 6) to base 3.
-1011221020
Convert 1221012 (base 3) to base 11.
1071
What is 3103 (base 10) in base 14?
11b9
809 (base 15) to base 6
12213
Convert 12200 (base 4) to base 9.
512
-11101111 (base 2) to base 4
-3233
Convert 249 (base 15) to base 6.
2223
What is 101001000 (base 2) in base 13?
1c3
What is -422 (base 9) in base 10?
-344
-357a (base 14) to base 2
-10010001101000
Convert a82 (base 13) to base 5.
24141
Convert -378d (base 16) to base 8.
-33615
Convert -10101001101 (base 2) to base 15.
-607
Convert -235 (base 12) to base 11.
-27a
Convert -1001101011 (base 2) to base 12.
-437
-18785 (base 9) to base 7
-53003
104 (base 10) to base 3
10212
567 (base 13) to base 3
1021110
-11020 (base 4) to base 14
-196
What is -1541 (base 7) in base 13?
-386
What is 2201333 (base 4) in base 11?
7875
989 (base 14) to base 10
1885
What is 47a5 (base 11) in base 2?
1100010001110
Convert 2078 (base 13) to base 14.
18cd
Convert -33334 (base 6) to base 9.
-6354
-55b2 (base 12) to base 11
-7151
Convert -12211 (base 7) to base 8.
-6171
Convert 2004 (base 8) to base 13.
611
Convert 21513 (base 6) to base 12.
1899
What is -181d (base 15) in base 8?
-12123
What is -1381 (base 9) in base 11?
-870
Convert -100001122 (base 3) to base 10.
-6605
Convert 325 (base 14) to base 11.
515
What is -13500 (base 6) in base 7?
-6123
Convert -102144 (base 5) to base 15.
-1034
1907 (base 11) to base 13
1149
What is -163412 (base 7) in base 2?
-111111010111111
-3043201 (base 5) to base 11
-34464
Convert -3008 (base 11) to base 4.
-332201
-c94d (base 14) to base 6
-424533
-1132 (base 7) to base 12
-2a7
Convert -122250 (base 8) to base 10.
-42152
Convert a55 (base 11) to base 5.
20040
What is 63 (base 9) in base 4?
321
What is 1212 (base 6) in base 8?
450
What is 7371 (base 8) in base 2?
111011111001
Convert -2220 (base 4) to base 3.
-20020
Convert 507 (base 9) to base 13.
259
Convert 14326 (base 9) to base 14.
37a0
Convert -22222002 (base 3) to base 8.
-14610
Convert 185 (base 9) to base 10.
158
Convert -a55 (base 13) to base 3.
-2102012
What is -11446 (base 7) in base 11?
-2264
10252 (base 6) to base 10
1400
-1b1 (base 12) to base 10
-277
Convert -39c4 (base 13) to base 6.
-102144
Convert 6323 (base 7) to base 14.
b4a
Convert -2321320 (base 4) to base 7.
-46453
What is -101010 (base 2) in base 4?
-222
What is 21000111 (base 3) in base 10?
5116
Convert -3886 (base 13) to base 7.
-32323
738 (base 10) to base 11
611
Convert -1294c (base 15) to base 8.
-164120
-1000001 (base 2) to base 16
-41
13321131 (base 4) to base 12
16879
Convert -432 (base 6) to base 4.
-2210
What is -102221200 (base 3) in base 13?
-3c72
-155 (base 15) to base 2
-100110001
Convert 113032 (base 4) to base 8.
2716
What is -9c (base 14) in base 7?
-255
Convert -a33 (base 16) to base 12.
-1617
-10001101010 (base 2) to base 9
-1485
-117 (base 14) to base 5
-1332
-398 (base 15) to base 3
-1010022
Convert 20300133 (base 4) to base 16.
8c1f
Convert 101010111000011 (base 2) to base 6.
245351
What is -202313 (base 4) in base 14?
-b55
What is -111130 (base 4) in base 8?
-2534
Convert 44aa (base 12) to base 9.
11404
What is -20300 (base 6) in base 14?
-da